{"id":1583,"date":"2022-06-01T11:10:44","date_gmt":"2022-06-01T09:10:44","guid":{"rendered":"https:\/\/alfaro.es\/agendaurbana\/?page_id=1583"},"modified":"2022-08-11T16:06:50","modified_gmt":"2022-08-11T14:06:50","slug":"participa","status":"publish","type":"page","link":"https:\/\/alfaro.es\/agendaurbana\/participa\/","title":{"rendered":"Participa"},"content":{"rendered":"\t\t<div data-elementor-type=\"wp-page\" data-elementor-id=\"1583\" class=\"elementor elementor-1583\" data-elementor-settings=\"{&quot;ha_cmc_init_switcher&quot;:&quot;no&quot;}\">\n\t\t\t\t\t\t<section class=\"elementor-section elementor-top-section elementor-element elementor-element-7c1ba65 elementor-section-boxed elementor-section-height-default elementor-section-height-default\" data-id=\"7c1ba65\" data-element_type=\"section\" data-settings=\"{&quot;_ha_eqh_enable&quot;:false}\">\n\t\t\t\t\t\t<div class=\"elementor-container elementor-column-gap-default\">\n\t\t\t\t\t<div class=\"elementor-column elementor-col-50 elementor-top-column elementor-element elementor-element-95f69c3 elementor-hidden-tablet elementor-hidden-mobile\" data-id=\"95f69c3\" data-element_type=\"column\">\n\t\t\t<div class=\"elementor-widget-wrap\">\n\t\t\t\t\t\t\t<\/div>\n\t\t<\/div>\n\t\t\t\t<div class=\"elementor-column elementor-col-50 elementor-top-column elementor-element elementor-element-19ee841\" data-id=\"19ee841\" data-element_type=\"column\">\n\t\t\t<div class=\"elementor-widget-wrap elementor-element-populated\">\n\t\t\t\t\t\t<div class=\"elementor-element elementor-element-79c41c8 elementor-widget elementor-widget-heading\" data-id=\"79c41c8\" data-element_type=\"widget\" data-widget_type=\"heading.default\">\n\t\t\t\t<div class=\"elementor-widget-container\">\n\t\t\t\t\t<h1 class=\"elementor-heading-title elementor-size-default\"><img decoding=\"async\" src=\"https:\/\/alfaro.es\/agendaurbana\/wp-content\/uploads\/2022\/05\/figura.jpg\"> Participa<\/h1>\t\t\t\t<\/div>\n\t\t\t\t<\/div>\n\t\t\t\t\t<\/div>\n\t\t<\/div>\n\t\t\t\t\t<\/div>\n\t\t<\/section>\n\t\t\t\t<section class=\"elementor-section elementor-top-section elementor-element elementor-element-4a60482 elementor-section-boxed elementor-section-height-default elementor-section-height-default\" data-id=\"4a60482\" data-element_type=\"section\" data-settings=\"{&quot;_ha_eqh_enable&quot;:false}\">\n\t\t\t\t\t\t<div class=\"elementor-container elementor-column-gap-default\">\n\t\t\t\t\t<div class=\"elementor-column elementor-col-50 elementor-top-column elementor-element elementor-element-a4b7d3c elementor-hidden-tablet elementor-hidden-mobile\" data-id=\"a4b7d3c\" data-element_type=\"column\">\n\t\t\t<div class=\"elementor-widget-wrap\">\n\t\t\t\t\t\t\t<\/div>\n\t\t<\/div>\n\t\t\t\t<div class=\"elementor-column elementor-col-50 elementor-top-column elementor-element elementor-element-03df6df\" data-id=\"03df6df\" data-element_type=\"column\">\n\t\t\t<div class=\"elementor-widget-wrap elementor-element-populated\">\n\t\t\t\t\t\t<div class=\"elementor-element elementor-element-c014d68 elementor-hidden-mobile elementor-widget elementor-widget-image\" data-id=\"c014d68\" data-element_type=\"widget\" data-widget_type=\"image.default\">\n\t\t\t\t<div class=\"elementor-widget-container\">\n\t\t\t\t\t\t\t\t\t\t\t\t\t\t\t<img fetchpriority=\"high\" decoding=\"async\" width=\"637\" height=\"304\" src=\"https:\/\/alfaro.es\/agendaurbana\/wp-content\/uploads\/2022\/06\/WhatsApp-Image-2022-06-02-at-9.59.03-AM.jpeg\" class=\"attachment-full size-full wp-image-1646\" alt=\"\" srcset=\"https:\/\/alfaro.es\/agendaurbana\/wp-content\/uploads\/2022\/06\/WhatsApp-Image-2022-06-02-at-9.59.03-AM.jpeg 637w, https:\/\/alfaro.es\/agendaurbana\/wp-content\/uploads\/2022\/06\/WhatsApp-Image-2022-06-02-at-9.59.03-AM-300x143.jpeg 300w\" sizes=\"(max-width: 637px) 100vw, 637px\" \/>\t\t\t\t\t\t\t\t\t\t\t\t\t\t\t<\/div>\n\t\t\t\t<\/div>\n\t\t\t\t<div class=\"elementor-element elementor-element-9664f5d elementor-align-center elementor-invisible elementor-widget elementor-widget-button\" data-id=\"9664f5d\" data-element_type=\"widget\" data-settings=\"{&quot;_animation&quot;:&quot;fadeInUp&quot;}\" data-widget_type=\"button.default\">\n\t\t\t\t<div class=\"elementor-widget-container\">\n\t\t\t\t\t\t\t\t\t<div class=\"elementor-button-wrapper\">\n\t\t\t\t\t<a class=\"elementor-button elementor-button-link elementor-size-sm\" href=\"https:\/\/alfaro.es\/agendaurbana\/wp-content\/uploads\/2022\/08\/INFORME-FINAL.pdf\" target=\"_blank\">\n\t\t\t\t\t\t<span class=\"elementor-button-content-wrapper\">\n\t\t\t\t\t\t<span class=\"elementor-button-icon\">\n\t\t\t\t\t\t\t\t\t<i class=\"\" aria-hidden=\"true\"><\/i>\n\t\t\t\t\t\t\t<\/span>\n\t\t\t\t\t\t\t\t\t<span class=\"elementor-button-text\">INFORME FINAL DEL PROCESO DE PARTICIPACI\u00d3N<\/span>\n\t\t\t\t\t<\/span>\n\t\t\t\t\t<\/a>\n\t\t\t\t<\/div>\n\t\t\t\t\t\t\t\t<\/div>\n\t\t\t\t<\/div>\n\t\t\t\t<div class=\"elementor-element elementor-element-a68d50a elementor-grid-1 elementor-grid-tablet-1 elementor-posts--thumbnail-left elementor-grid-mobile-1 elementor-widget elementor-widget-posts\" data-id=\"a68d50a\" data-element_type=\"widget\" data-settings=\"{&quot;classic_columns&quot;:&quot;1&quot;,&quot;classic_columns_tablet&quot;:&quot;1&quot;,&quot;classic_row_gap&quot;:{&quot;unit&quot;:&quot;px&quot;,&quot;size&quot;:60,&quot;sizes&quot;:[]},&quot;pagination_type&quot;:&quot;numbers&quot;,&quot;classic_columns_mobile&quot;:&quot;1&quot;,&quot;classic_row_gap_tablet&quot;:{&quot;unit&quot;:&quot;px&quot;,&quot;size&quot;:&quot;&quot;,&quot;sizes&quot;:[]},&quot;classic_row_gap_mobile&quot;:{&quot;unit&quot;:&quot;px&quot;,&quot;size&quot;:&quot;&quot;,&quot;sizes&quot;:[]}}\" data-widget_type=\"posts.classic\">\n\t\t\t\t<div class=\"elementor-widget-container\">\n\t\t\t\t\t\t\t<div class=\"elementor-posts-container elementor-posts elementor-posts--skin-classic elementor-grid\">\n\t\t\t\t<article class=\"elementor-post elementor-grid-item post-1952 post type-post status-publish format-standard has-post-thumbnail hentry category-participa\">\n\t\t\t\t<a class=\"elementor-post__thumbnail__link\" href=\"https:\/\/alfaro.es\/agendaurbana\/jornadas-de-participacion-sesion-de-devolucion\/\" >\n\t\t\t<div class=\"elementor-post__thumbnail\"><img decoding=\"async\" width=\"768\" height=\"508\" src=\"https:\/\/alfaro.es\/agendaurbana\/wp-content\/uploads\/2022\/06\/DEVOLUCION_1493X897-768x508.jpg\" class=\"attachment-medium_large size-medium_large wp-image-1953\" alt=\"\" srcset=\"https:\/\/alfaro.es\/agendaurbana\/wp-content\/uploads\/2022\/06\/DEVOLUCION_1493X897-768x508.jpg 768w, https:\/\/alfaro.es\/agendaurbana\/wp-content\/uploads\/2022\/06\/DEVOLUCION_1493X897-300x198.jpg 300w, https:\/\/alfaro.es\/agendaurbana\/wp-content\/uploads\/2022\/06\/DEVOLUCION_1493X897-1024x677.jpg 1024w, https:\/\/alfaro.es\/agendaurbana\/wp-content\/uploads\/2022\/06\/DEVOLUCION_1493X897.jpg 1493w\" sizes=\"(max-width: 768px) 100vw, 768px\" \/><\/div>\n\t\t<\/a>\n\t\t\t\t<div class=\"elementor-post__text\">\n\t\t\t\t<h3 class=\"elementor-post__title\">\n\t\t\t<a href=\"https:\/\/alfaro.es\/agendaurbana\/jornadas-de-participacion-sesion-de-devolucion\/\" >\n\t\t\t\tJornadas de participaci\u00f3n: \u00abSesi\u00f3n de devoluci\u00f3n\u00bb\t\t\t<\/a>\n\t\t<\/h3>\n\t\t\t\t<div class=\"elementor-post__excerpt\">\n\t\t\t<p>Desde Ciudades Cuidadas, encargadas de llevar a cabo el proceso de participaci\u00f3n del Plan de Acci\u00f3n Local de la Agenda Urbana de Alfaro, os queremos<\/p>\n\t\t<\/div>\n\t\t\t\t\t<a class=\"elementor-post__read-more\" href=\"https:\/\/alfaro.es\/agendaurbana\/jornadas-de-participacion-sesion-de-devolucion\/\" >\n\t\t\t\tLeer m\u00e1s ...\t\t\t<\/a>\n\t\t\t\t<\/div>\n\t\t\t\t<\/article>\n\t\t\t\t<article class=\"elementor-post elementor-grid-item post-1946 post type-post status-publish format-standard has-post-thumbnail hentry category-participa\">\n\t\t\t\t<a class=\"elementor-post__thumbnail__link\" href=\"https:\/\/alfaro.es\/agendaurbana\/jornadas-de-participacion-encuestas\/\" >\n\t\t\t<div class=\"elementor-post__thumbnail\"><img decoding=\"async\" width=\"768\" height=\"508\" src=\"https:\/\/alfaro.es\/agendaurbana\/wp-content\/uploads\/2022\/06\/ENCUESTA_1493X897-768x508.jpg\" class=\"attachment-medium_large size-medium_large wp-image-1947\" alt=\"\" srcset=\"https:\/\/alfaro.es\/agendaurbana\/wp-content\/uploads\/2022\/06\/ENCUESTA_1493X897-768x508.jpg 768w, https:\/\/alfaro.es\/agendaurbana\/wp-content\/uploads\/2022\/06\/ENCUESTA_1493X897-300x198.jpg 300w, https:\/\/alfaro.es\/agendaurbana\/wp-content\/uploads\/2022\/06\/ENCUESTA_1493X897-1024x677.jpg 1024w, https:\/\/alfaro.es\/agendaurbana\/wp-content\/uploads\/2022\/06\/ENCUESTA_1493X897.jpg 1493w\" sizes=\"(max-width: 768px) 100vw, 768px\" \/><\/div>\n\t\t<\/a>\n\t\t\t\t<div class=\"elementor-post__text\">\n\t\t\t\t<h3 class=\"elementor-post__title\">\n\t\t\t<a href=\"https:\/\/alfaro.es\/agendaurbana\/jornadas-de-participacion-encuestas\/\" >\n\t\t\t\tJornadas de participaci\u00f3n: \u00abEncuestas\u00bb\t\t\t<\/a>\n\t\t<\/h3>\n\t\t\t\t<div class=\"elementor-post__excerpt\">\n\t\t\t<p>Desde Ciudades Cuidadas, encargadas de llevar a cabo el proceso de participaci\u00f3n del Plan de Acci\u00f3n Local de la Agenda Urbana de Alfaro , os<\/p>\n\t\t<\/div>\n\t\t\t\t\t<a class=\"elementor-post__read-more\" href=\"https:\/\/alfaro.es\/agendaurbana\/jornadas-de-participacion-encuestas\/\" >\n\t\t\t\tLeer m\u00e1s ...\t\t\t<\/a>\n\t\t\t\t<\/div>\n\t\t\t\t<\/article>\n\t\t\t\t<\/div>\n\n\n\t\t\n\t\t\t\t\t\t<\/div>\n\t\t\t\t<\/div>\n\t\t\t\t<div class=\"elementor-element elementor-element-3ed076f elementor-grid-1 elementor-grid-tablet-1 elementor-posts--thumbnail-left elementor-grid-mobile-1 elementor-widget elementor-widget-posts\" data-id=\"3ed076f\" data-element_type=\"widget\" data-settings=\"{&quot;classic_columns&quot;:&quot;1&quot;,&quot;classic_columns_tablet&quot;:&quot;1&quot;,&quot;classic_row_gap&quot;:{&quot;unit&quot;:&quot;px&quot;,&quot;size&quot;:60,&quot;sizes&quot;:[]},&quot;pagination_type&quot;:&quot;numbers&quot;,&quot;classic_columns_mobile&quot;:&quot;1&quot;,&quot;classic_row_gap_tablet&quot;:{&quot;unit&quot;:&quot;px&quot;,&quot;size&quot;:&quot;&quot;,&quot;sizes&quot;:[]},&quot;classic_row_gap_mobile&quot;:{&quot;unit&quot;:&quot;px&quot;,&quot;size&quot;:&quot;&quot;,&quot;sizes&quot;:[]}}\" data-widget_type=\"posts.classic\">\n\t\t\t\t<div class=\"elementor-widget-container\">\n\t\t\t\t\t\t\t<div class=\"elementor-posts-container elementor-posts elementor-posts--skin-classic elementor-grid\">\n\t\t\t\t<article class=\"elementor-post elementor-grid-item post-1672 post type-post status-publish format-standard has-post-thumbnail hentry category-resultados\">\n\t\t\t\t<a class=\"elementor-post__thumbnail__link\" href=\"https:\/\/alfaro.es\/agendaurbana\/taller-de-participacion-la-ciudad-accesible\/\" >\n\t\t\t<div class=\"elementor-post__thumbnail\"><img loading=\"lazy\" decoding=\"async\" width=\"601\" height=\"401\" src=\"https:\/\/alfaro.es\/agendaurbana\/wp-content\/uploads\/2022\/06\/ACCESIBLE_600X400.jpg\" class=\"attachment-medium_large size-medium_large wp-image-2083\" alt=\"\" srcset=\"https:\/\/alfaro.es\/agendaurbana\/wp-content\/uploads\/2022\/06\/ACCESIBLE_600X400.jpg 601w, https:\/\/alfaro.es\/agendaurbana\/wp-content\/uploads\/2022\/06\/ACCESIBLE_600X400-300x200.jpg 300w\" sizes=\"(max-width: 601px) 100vw, 601px\" \/><\/div>\n\t\t<\/a>\n\t\t\t\t<div class=\"elementor-post__text\">\n\t\t\t\t<h3 class=\"elementor-post__title\">\n\t\t\t<a href=\"https:\/\/alfaro.es\/agendaurbana\/taller-de-participacion-la-ciudad-accesible\/\" >\n\t\t\t\tTaller de Participaci\u00f3n: LA CIUDAD ACCESIBLE\t\t\t<\/a>\n\t\t<\/h3>\n\t\t\t\t<div class=\"elementor-post__excerpt\">\n\t\t\t<p>Desde Ciudades Cuidadas, encargadas de llevar a cabo el proceso de participaci\u00f3n del Plan de Acci\u00f3n Local de la Agenda Urbana de Alfaro, realiz\u00f3 el<\/p>\n\t\t<\/div>\n\t\t\t\t\t<a class=\"elementor-post__read-more\" href=\"https:\/\/alfaro.es\/agendaurbana\/taller-de-participacion-la-ciudad-accesible\/\" >\n\t\t\t\tVer resultados\t\t\t<\/a>\n\t\t\t\t<\/div>\n\t\t\t\t<\/article>\n\t\t\t\t<article class=\"elementor-post elementor-grid-item post-1666 post type-post status-publish format-standard has-post-thumbnail hentry category-resultados\">\n\t\t\t\t<a class=\"elementor-post__thumbnail__link\" href=\"https:\/\/alfaro.es\/agendaurbana\/taller-de-participacion-la-ciudad-de-la-infancia\/\" >\n\t\t\t<div class=\"elementor-post__thumbnail\"><img loading=\"lazy\" decoding=\"async\" width=\"768\" height=\"508\" src=\"https:\/\/alfaro.es\/agendaurbana\/wp-content\/uploads\/2022\/06\/INFANCIA_1493X897-768x508.jpg\" class=\"attachment-medium_large size-medium_large wp-image-1916\" alt=\"\" srcset=\"https:\/\/alfaro.es\/agendaurbana\/wp-content\/uploads\/2022\/06\/INFANCIA_1493X897-768x508.jpg 768w, https:\/\/alfaro.es\/agendaurbana\/wp-content\/uploads\/2022\/06\/INFANCIA_1493X897-300x198.jpg 300w, https:\/\/alfaro.es\/agendaurbana\/wp-content\/uploads\/2022\/06\/INFANCIA_1493X897-1024x677.jpg 1024w, https:\/\/alfaro.es\/agendaurbana\/wp-content\/uploads\/2022\/06\/INFANCIA_1493X897.jpg 1493w\" sizes=\"(max-width: 768px) 100vw, 768px\" \/><\/div>\n\t\t<\/a>\n\t\t\t\t<div class=\"elementor-post__text\">\n\t\t\t\t<h3 class=\"elementor-post__title\">\n\t\t\t<a href=\"https:\/\/alfaro.es\/agendaurbana\/taller-de-participacion-la-ciudad-de-la-infancia\/\" >\n\t\t\t\tTaller de Participaci\u00f3n: LA CIUDAD DE LA INFANCIA\t\t\t<\/a>\n\t\t<\/h3>\n\t\t\t\t<div class=\"elementor-post__excerpt\">\n\t\t\t<p>Desde Ciudades Cuidadas, encargadas de llevar a cabo el proceso de participaci\u00f3n del Plan de Acci\u00f3n Local de la Agenda Urbana de Alfaro, realiz\u00f3 el<\/p>\n\t\t<\/div>\n\t\t\t\t\t<a class=\"elementor-post__read-more\" href=\"https:\/\/alfaro.es\/agendaurbana\/taller-de-participacion-la-ciudad-de-la-infancia\/\" >\n\t\t\t\tVer resultados\t\t\t<\/a>\n\t\t\t\t<\/div>\n\t\t\t\t<\/article>\n\t\t\t\t<article class=\"elementor-post elementor-grid-item post-1653 post type-post status-publish format-standard has-post-thumbnail hentry category-resultados\">\n\t\t\t\t<a class=\"elementor-post__thumbnail__link\" href=\"https:\/\/alfaro.es\/agendaurbana\/taller-de-participacion-la-ciudad-renaturalizada\/\" >\n\t\t\t<div class=\"elementor-post__thumbnail\"><img loading=\"lazy\" decoding=\"async\" width=\"768\" height=\"508\" src=\"https:\/\/alfaro.es\/agendaurbana\/wp-content\/uploads\/2022\/06\/RENATURALIZADA_1493X897-768x508.jpg\" class=\"attachment-medium_large size-medium_large wp-image-1918\" alt=\"\" srcset=\"https:\/\/alfaro.es\/agendaurbana\/wp-content\/uploads\/2022\/06\/RENATURALIZADA_1493X897-768x508.jpg 768w, https:\/\/alfaro.es\/agendaurbana\/wp-content\/uploads\/2022\/06\/RENATURALIZADA_1493X897-300x198.jpg 300w, https:\/\/alfaro.es\/agendaurbana\/wp-content\/uploads\/2022\/06\/RENATURALIZADA_1493X897-1024x677.jpg 1024w, https:\/\/alfaro.es\/agendaurbana\/wp-content\/uploads\/2022\/06\/RENATURALIZADA_1493X897.jpg 1493w\" sizes=\"(max-width: 768px) 100vw, 768px\" \/><\/div>\n\t\t<\/a>\n\t\t\t\t<div class=\"elementor-post__text\">\n\t\t\t\t<h3 class=\"elementor-post__title\">\n\t\t\t<a href=\"https:\/\/alfaro.es\/agendaurbana\/taller-de-participacion-la-ciudad-renaturalizada\/\" >\n\t\t\t\tTaller de Participaci\u00f3n: LA CIUDAD RENATURALIZADA\t\t\t<\/a>\n\t\t<\/h3>\n\t\t\t\t<div class=\"elementor-post__excerpt\">\n\t\t\t<p>Desde Ciudades Cuidadas, encargadas de llevar a cabo el proceso de participaci\u00f3n del Plan de Acci\u00f3n Local de la Agenda Urbana de Alfaro, realiz\u00f3 el<\/p>\n\t\t<\/div>\n\t\t\t\t\t<a class=\"elementor-post__read-more\" href=\"https:\/\/alfaro.es\/agendaurbana\/taller-de-participacion-la-ciudad-renaturalizada\/\" >\n\t\t\t\tVer resultados\t\t\t<\/a>\n\t\t\t\t<\/div>\n\t\t\t\t<\/article>\n\t\t\t\t<article class=\"elementor-post elementor-grid-item post-1640 post type-post status-publish format-standard has-post-thumbnail hentry category-resultados\">\n\t\t\t\t<a class=\"elementor-post__thumbnail__link\" href=\"https:\/\/alfaro.es\/agendaurbana\/taller-de-participacion-la-ciudad-para-todas-las-personas\/\" >\n\t\t\t<div class=\"elementor-post__thumbnail\"><img loading=\"lazy\" decoding=\"async\" width=\"768\" height=\"508\" src=\"https:\/\/alfaro.es\/agendaurbana\/wp-content\/uploads\/2022\/06\/PERSONAS_1493X897-768x508.jpg\" class=\"attachment-medium_large size-medium_large wp-image-1920\" alt=\"\" srcset=\"https:\/\/alfaro.es\/agendaurbana\/wp-content\/uploads\/2022\/06\/PERSONAS_1493X897-768x508.jpg 768w, https:\/\/alfaro.es\/agendaurbana\/wp-content\/uploads\/2022\/06\/PERSONAS_1493X897-300x198.jpg 300w, https:\/\/alfaro.es\/agendaurbana\/wp-content\/uploads\/2022\/06\/PERSONAS_1493X897-1024x677.jpg 1024w, https:\/\/alfaro.es\/agendaurbana\/wp-content\/uploads\/2022\/06\/PERSONAS_1493X897.jpg 1493w\" sizes=\"(max-width: 768px) 100vw, 768px\" \/><\/div>\n\t\t<\/a>\n\t\t\t\t<div class=\"elementor-post__text\">\n\t\t\t\t<h3 class=\"elementor-post__title\">\n\t\t\t<a href=\"https:\/\/alfaro.es\/agendaurbana\/taller-de-participacion-la-ciudad-para-todas-las-personas\/\" >\n\t\t\t\tTaller de Participaci\u00f3n: LA CIUDAD PARA TODAS LAS PERSONAS\t\t\t<\/a>\n\t\t<\/h3>\n\t\t\t\t<div class=\"elementor-post__excerpt\">\n\t\t\t<p>Ciudades Cuidadas, encargadas de llevar a cabo el proceso de participaci\u00f3n del Plan de Acci\u00f3n Local de la Agenda Urbana de Alfaro, realiz\u00f3 el siguiente<\/p>\n\t\t<\/div>\n\t\t\t\t\t<a class=\"elementor-post__read-more\" href=\"https:\/\/alfaro.es\/agendaurbana\/taller-de-participacion-la-ciudad-para-todas-las-personas\/\" >\n\t\t\t\tVer resultados\t\t\t<\/a>\n\t\t\t\t<\/div>\n\t\t\t\t<\/article>\n\t\t\t\t<\/div>\n\n\n\t\t\n\t\t\t\t\t\t<\/div>\n\t\t\t\t<\/div>\n\t\t\t\t\t<\/div>\n\t\t<\/div>\n\t\t\t\t\t<\/div>\n\t\t<\/section>\n\t\t\t\t<\/div>\n\t\t","protected":false},"excerpt":{"rendered":"<p>Participa INFORME FINAL DEL PROCESO DE PARTICIPACI\u00d3N<\/p>\n","protected":false},"author":1,"featured_media":0,"parent":0,"menu_order":0,"comment_status":"closed","ping_status":"closed","template":"","meta":{"_acf_changed":false,"_monsterinsights_skip_tracking":false,"_monsterinsights_sitenote_active":false,"_monsterinsights_sitenote_note":"","_monsterinsights_sitenote_category":0,"footnotes":""},"class_list":["post-1583","page","type-page","status-publish","hentry"],"acf":[],"yoast_head":"<!-- This site is optimized with the Yoast SEO plugin v24.6 - https:\/\/yoast.com\/wordpress\/plugins\/seo\/ -->\n<title>Participa - Plan de Acci\u00f3n Alfaro<\/title>\n<meta name=\"robots\" content=\"index, follow, max-snippet:-1, max-image-preview:large, max-video-preview:-1\" \/>\n<link rel=\"canonical\" href=\"https:\/\/alfaro.es\/agendaurbana\/participa\/\" \/>\n<meta property=\"og:locale\" content=\"es_ES\" \/>\n<meta property=\"og:type\" content=\"article\" \/>\n<meta property=\"og:title\" content=\"Participa - Plan de Acci\u00f3n Alfaro\" \/>\n<meta property=\"og:description\" content=\"Participa INFORME FINAL DEL PROCESO DE PARTICIPACI\u00d3N\" \/>\n<meta property=\"og:url\" content=\"https:\/\/alfaro.es\/agendaurbana\/participa\/\" \/>\n<meta property=\"og:site_name\" content=\"Plan de Acci\u00f3n Alfaro\" \/>\n<meta property=\"article:modified_time\" content=\"2022-08-11T14:06:50+00:00\" \/>\n<meta property=\"og:image\" content=\"https:\/\/alfaro.es\/agendaurbana\/wp-content\/uploads\/2022\/05\/figura.jpg\" \/>\n<meta name=\"twitter:card\" content=\"summary_large_image\" \/>\n<meta name=\"twitter:label1\" content=\"Tiempo de lectura\" \/>\n\t<meta name=\"twitter:data1\" content=\"3 minutos\" \/>\n<script type=\"application\/ld+json\" class=\"yoast-schema-graph\">{\"@context\":\"https:\/\/schema.org\",\"@graph\":[{\"@type\":\"WebPage\",\"@id\":\"https:\/\/alfaro.es\/agendaurbana\/participa\/\",\"url\":\"https:\/\/alfaro.es\/agendaurbana\/participa\/\",\"name\":\"Participa - Plan de Acci\u00f3n Alfaro\",\"isPartOf\":{\"@id\":\"https:\/\/alfaro.es\/agendaurbana\/#website\"},\"primaryImageOfPage\":{\"@id\":\"https:\/\/alfaro.es\/agendaurbana\/participa\/#primaryimage\"},\"image\":{\"@id\":\"https:\/\/alfaro.es\/agendaurbana\/participa\/#primaryimage\"},\"thumbnailUrl\":\"https:\/\/alfaro.es\/agendaurbana\/wp-content\/uploads\/2022\/05\/figura.jpg\",\"datePublished\":\"2022-06-01T09:10:44+00:00\",\"dateModified\":\"2022-08-11T14:06:50+00:00\",\"breadcrumb\":{\"@id\":\"https:\/\/alfaro.es\/agendaurbana\/participa\/#breadcrumb\"},\"inLanguage\":\"es\",\"potentialAction\":[{\"@type\":\"ReadAction\",\"target\":[\"https:\/\/alfaro.es\/agendaurbana\/participa\/\"]}]},{\"@type\":\"ImageObject\",\"inLanguage\":\"es\",\"@id\":\"https:\/\/alfaro.es\/agendaurbana\/participa\/#primaryimage\",\"url\":\"https:\/\/alfaro.es\/agendaurbana\/wp-content\/uploads\/2022\/05\/figura.jpg\",\"contentUrl\":\"https:\/\/alfaro.es\/agendaurbana\/wp-content\/uploads\/2022\/05\/figura.jpg\",\"width\":293,\"height\":153},{\"@type\":\"BreadcrumbList\",\"@id\":\"https:\/\/alfaro.es\/agendaurbana\/participa\/#breadcrumb\",\"itemListElement\":[{\"@type\":\"ListItem\",\"position\":1,\"name\":\"Portada\",\"item\":\"https:\/\/alfaro.es\/agendaurbana\/\"},{\"@type\":\"ListItem\",\"position\":2,\"name\":\"Participa\"}]},{\"@type\":\"WebSite\",\"@id\":\"https:\/\/alfaro.es\/agendaurbana\/#website\",\"url\":\"https:\/\/alfaro.es\/agendaurbana\/\",\"name\":\"Plan de Acci\u00f3n Alfaro\",\"description\":\"Agenda Urbana\",\"publisher\":{\"@id\":\"https:\/\/alfaro.es\/agendaurbana\/#organization\"},\"potentialAction\":[{\"@type\":\"SearchAction\",\"target\":{\"@type\":\"EntryPoint\",\"urlTemplate\":\"https:\/\/alfaro.es\/agendaurbana\/?s={search_term_string}\"},\"query-input\":{\"@type\":\"PropertyValueSpecification\",\"valueRequired\":true,\"valueName\":\"search_term_string\"}}],\"inLanguage\":\"es\"},{\"@type\":\"Organization\",\"@id\":\"https:\/\/alfaro.es\/agendaurbana\/#organization\",\"name\":\"Plan de acci\u00f3n Urbana Alfaro\",\"url\":\"https:\/\/alfaro.es\/agendaurbana\/\",\"logo\":{\"@type\":\"ImageObject\",\"inLanguage\":\"es\",\"@id\":\"https:\/\/alfaro.es\/agendaurbana\/#\/schema\/logo\/image\/\",\"url\":\"https:\/\/alfaro.es\/agendaurbana\/wp-content\/uploads\/2022\/04\/agenda-urbana-alfaro.svg\",\"contentUrl\":\"https:\/\/alfaro.es\/agendaurbana\/wp-content\/uploads\/2022\/04\/agenda-urbana-alfaro.svg\",\"width\":64,\"height\":28,\"caption\":\"Plan de acci\u00f3n Urbana Alfaro\"},\"image\":{\"@id\":\"https:\/\/alfaro.es\/agendaurbana\/#\/schema\/logo\/image\/\"}}]}<\/script>\n<!-- \/ Yoast SEO plugin. -->","yoast_head_json":{"title":"Participa - Plan de Acci\u00f3n Alfaro","robots":{"index":"index","follow":"follow","max-snippet":"max-snippet:-1","max-image-preview":"max-image-preview:large","max-video-preview":"max-video-preview:-1"},"canonical":"https:\/\/alfaro.es\/agendaurbana\/participa\/","og_locale":"es_ES","og_type":"article","og_title":"Participa - Plan de Acci\u00f3n Alfaro","og_description":"Participa INFORME FINAL DEL PROCESO DE PARTICIPACI\u00d3N","og_url":"https:\/\/alfaro.es\/agendaurbana\/participa\/","og_site_name":"Plan de Acci\u00f3n Alfaro","article_modified_time":"2022-08-11T14:06:50+00:00","og_image":[{"url":"https:\/\/alfaro.es\/agendaurbana\/wp-content\/uploads\/2022\/05\/figura.jpg","type":"","width":"","height":""}],"twitter_card":"summary_large_image","twitter_misc":{"Tiempo de lectura":"3 minutos"},"schema":{"@context":"https:\/\/schema.org","@graph":[{"@type":"WebPage","@id":"https:\/\/alfaro.es\/agendaurbana\/participa\/","url":"https:\/\/alfaro.es\/agendaurbana\/participa\/","name":"Participa - Plan de Acci\u00f3n Alfaro","isPartOf":{"@id":"https:\/\/alfaro.es\/agendaurbana\/#website"},"primaryImageOfPage":{"@id":"https:\/\/alfaro.es\/agendaurbana\/participa\/#primaryimage"},"image":{"@id":"https:\/\/alfaro.es\/agendaurbana\/participa\/#primaryimage"},"thumbnailUrl":"https:\/\/alfaro.es\/agendaurbana\/wp-content\/uploads\/2022\/05\/figura.jpg","datePublished":"2022-06-01T09:10:44+00:00","dateModified":"2022-08-11T14:06:50+00:00","breadcrumb":{"@id":"https:\/\/alfaro.es\/agendaurbana\/participa\/#breadcrumb"},"inLanguage":"es","potentialAction":[{"@type":"ReadAction","target":["https:\/\/alfaro.es\/agendaurbana\/participa\/"]}]},{"@type":"ImageObject","inLanguage":"es","@id":"https:\/\/alfaro.es\/agendaurbana\/participa\/#primaryimage","url":"https:\/\/alfaro.es\/agendaurbana\/wp-content\/uploads\/2022\/05\/figura.jpg","contentUrl":"https:\/\/alfaro.es\/agendaurbana\/wp-content\/uploads\/2022\/05\/figura.jpg","width":293,"height":153},{"@type":"BreadcrumbList","@id":"https:\/\/alfaro.es\/agendaurbana\/participa\/#breadcrumb","itemListElement":[{"@type":"ListItem","position":1,"name":"Portada","item":"https:\/\/alfaro.es\/agendaurbana\/"},{"@type":"ListItem","position":2,"name":"Participa"}]},{"@type":"WebSite","@id":"https:\/\/alfaro.es\/agendaurbana\/#website","url":"https:\/\/alfaro.es\/agendaurbana\/","name":"Plan de Acci\u00f3n Alfaro","description":"Agenda Urbana","publisher":{"@id":"https:\/\/alfaro.es\/agendaurbana\/#organization"},"potentialAction":[{"@type":"SearchAction","target":{"@type":"EntryPoint","urlTemplate":"https:\/\/alfaro.es\/agendaurbana\/?s={search_term_string}"},"query-input":{"@type":"PropertyValueSpecification","valueRequired":true,"valueName":"search_term_string"}}],"inLanguage":"es"},{"@type":"Organization","@id":"https:\/\/alfaro.es\/agendaurbana\/#organization","name":"Plan de acci\u00f3n Urbana Alfaro","url":"https:\/\/alfaro.es\/agendaurbana\/","logo":{"@type":"ImageObject","inLanguage":"es","@id":"https:\/\/alfaro.es\/agendaurbana\/#\/schema\/logo\/image\/","url":"https:\/\/alfaro.es\/agendaurbana\/wp-content\/uploads\/2022\/04\/agenda-urbana-alfaro.svg","contentUrl":"https:\/\/alfaro.es\/agendaurbana\/wp-content\/uploads\/2022\/04\/agenda-urbana-alfaro.svg","width":64,"height":28,"caption":"Plan de acci\u00f3n Urbana Alfaro"},"image":{"@id":"https:\/\/alfaro.es\/agendaurbana\/#\/schema\/logo\/image\/"}}]}},"_links":{"self":[{"href":"https:\/\/alfaro.es\/agendaurbana\/wp-json\/wp\/v2\/pages\/1583","targetHints":{"allow":["GET"]}}],"collection":[{"href":"https:\/\/alfaro.es\/agendaurbana\/wp-json\/wp\/v2\/pages"}],"about":[{"href":"https:\/\/alfaro.es\/agendaurbana\/wp-json\/wp\/v2\/types\/page"}],"author":[{"embeddable":true,"href":"https:\/\/alfaro.es\/agendaurbana\/wp-json\/wp\/v2\/users\/1"}],"replies":[{"embeddable":true,"href":"https:\/\/alfaro.es\/agendaurbana\/wp-json\/wp\/v2\/comments?post=1583"}],"version-history":[{"count":55,"href":"https:\/\/alfaro.es\/agendaurbana\/wp-json\/wp\/v2\/pages\/1583\/revisions"}],"predecessor-version":[{"id":3039,"href":"https:\/\/alfaro.es\/agendaurbana\/wp-json\/wp\/v2\/pages\/1583\/revisions\/3039"}],"wp:attachment":[{"href":"https:\/\/alfaro.es\/agendaurbana\/wp-json\/wp\/v2\/media?parent=1583"}],"curies":[{"name":"wp","href":"https:\/\/api.w.org\/{rel}","templated":true}]}}